Calculate the highest common divisor of 377 and 34541.
13
What is the highest common divisor of 635269 and 274?
137
What is the greatest common factor of 13724 and 1752?
292
Calculate the highest common divisor of 410185 and 10.
5
What is the highest common factor of 235977 and 2247?
21
What is the highest common divisor of 38555 and 33?
11
What is the highest common divisor of 4316 and 8580?
52
Calculate the highest common divisor of 36 and 141924.
12
What is the greatest common factor of 429 and 553943?
13
Calculate the greatest common factor of 255996 and 144.
36
What is the highest common divisor of 29064 and 1344?
168
What is the greatest common divisor of 5 and 6359?
1
What is the highest common factor of 2375 and 5925?
25
Calculate the highest common divisor of 1374 and 360446.
458
What is the highest common factor of 203476 and 1014?
338
What is the highest common divisor of 255 and 186320?
85
What is the greatest common divisor of 701976 and 60?
12
Calculate the highest common factor of 31 and 881919.
31
Calculate the highest common divisor of 295 and 480437.
59
Calculate the highest common factor of 925 and 52799.
37
Calculate the highest common divisor of 100 and 3464.
4
What is the greatest common factor of 96 and 98082?
6
What is the greatest common factor of 123 and 2455039?
41
Calculate the highest common factor of 544 and 5814.
34
Calculate the greatest common factor of 945 and 2809485.
945
Calculate the highest common factor of 446192 and 32.
16
What is the greatest common factor of 3915 and 2160?
135
Calculate the highest common factor of 20 and 56390.
10
What is the highest common factor of 2087942 and 116?
58
What is the highest common divisor of 2464 and 1358?
14
What is the greatest common divisor of 592 and 533022?
74
Calculate the highest common divisor of 893010 and 206.
206
What is the greatest common factor of 1000 and 724?
4
Calculate the greatest common divisor of 32100 and 4050.
150
Calculate the highest common factor of 316 and 9691.
1
Calculate the greatest common factor of 302131 and 701.
701
Calculate the greatest common divisor of 8 and 54968.
8
Calculate the greatest common factor of 2732 and 1588.
4
Calculate the greatest common factor of 29645 and 84035.
245
Calculate the highest common factor of 222 and 4859691.
111
Calculate the greatest common factor of 222384 and 3444.
492
Calculate the greatest common factor of 1742 and 98826.
26
Calculate the highest common divisor of 3242172 and 153.
51
Calculate the highest common divisor of 14147 and 1376.
43
What is the highest common factor of 6669 and 10179?
351
What is the highest common factor of 1649 and 10863?
17
Calculate the highest common factor of 72 and 2276280.
72
Calculate the highest common factor of 74 and 29193.
37
What is the highest common divisor of 391 and 102833?
391
Calculate the greatest common factor of 6 and 8202.
6
Calculate the highest common divisor of 13552 and 231.
77
What is the greatest common divisor of 600 and 526950?
150
What is the highest common factor of 1875 and 165?
15
What is the highest common factor of 2013 and 737?
11
Calculate the greatest common factor of 42161 and 133.
133
Calculate the greatest common factor of 342 and 10656.
18
Calculate the highest common factor of 25 and 61050.
25
Calculate the highest common factor of 4640 and 4140.
20
What is the greatest common divisor of 1482040 and 6700?
1340
Calculate the highest common divisor of 24 and 328488.
24
What is the highest common divisor of 20375 and 2119?
163
What is the highest common divisor of 2457 and 7642908?
819
Calculate the greatest common divisor of 7524 and 72072.
396
What is the greatest common factor of 251 and 461?
1
Calculate the highest common divisor of 16764 and 396.
132
Calculate the greatest common factor of 37 and 5926253.
37
What is the greatest common factor of 23560 and 2185?
95
What is the highest common factor of 177 and 27317?
59
Calculate the greatest common divisor of 303 and 206343.
303
What is the highest common divisor of 47874 and 206949?
303
What is the highest common factor of 10251 and 306?
153
What is the highest common divisor of 30 and 1869300?
30
Calculate the highest common factor of 8 and 296.
8
What is the highest common factor of 177 and 50268?
177
What is the greatest common factor of 780 and 1562340?
780
Calculate the highest common factor of 4459 and 273.
91
Calculate the highest common divisor of 286612 and 1501.
79
Calculate the greatest common divisor of 2314 and 37414.
26
Calculate the highest common factor of 191 and 2920581.
191
Calculate the highest common divisor of 14 and 953351.
7
What is the greatest common divisor of 81663 and 41082?
501
What is the greatest common divisor of 8468 and 24012?
116
Calculate the greatest common divisor of 3 and 197247.
3
Calculate the greatest common divisor of 1080 and 6291.
27
Calculate the greatest common divisor of 55580 and 70.
70
Calculate the highest common factor of 155 and 39665.
5
Calculate the greatest common divisor of 1770 and 64310.
590
What is the greatest common divisor of 1458545 and 11385?
1265
Calculate the greatest common divisor of 1890 and 23490.
270
Calculate the highest common divisor of 35 and 41573.
7
Calculate the highest common factor of 33 and 3076887.
33
Calculate the greatest common factor of 10 and 140960.
10
Calculate the greatest common factor of 1144171 and 1043.
1043
What is the highest common divisor of 397859 and 11?
11
What is the greatest common divisor of 176708 and 1050?
14
What is the greatest common factor of 77 and 638?
11
What is the greatest common divisor of 6403 and 1007?
19
Calculate the highest common factor of 60534 and 798.
114
What is the greatest common factor of 30 and 452310?
30
What is the highest common divisor of 15 and 26960?
5
Calculate the greatest common divisor of 33525 and 450.
225
Calculate the highest common divisor of 5450 and 3550.
50
Calculate the greatest common divisor of 465 and 441.
3
What is the greatest common divisor of 1997312 and 512?
512
Calculate the greatest common divisor of 10989 and 42291.
333
Calculate the highest common divisor of 1315 and 2565.
5
What is the greatest common factor of 106 and 157834?
106
What is the highest common divisor of 4264 and 3136?
8
What is the highest common divisor of 7320 and 15?
15
What is the highest common divisor of 52 and 1796?
4
Calculate the greatest common divisor of 301962 and 59.
59
What is the greatest common divisor of 6 and 428154?
6
What is the highest common divisor of 2827 and 1925?
11
Calculate the highest common factor of 14 and 214683.
7
What is the highest common divisor of 319 and 103211?
29
Calculate the greatest common divisor of 5251 and 4307.
59
What is the highest common factor of 9071418 and 146?
146
What is the highest common factor of 84 and 429954?
42
Calculate the highest common divisor of 424 and 460.
4
Calculate the highest common factor of 306 and 137734.
34
Calculate the greatest common divisor of 749 and 3199.
7
Calculate the highest common divisor of 61359 and 226.
113
Calculate the highest common factor of 513 and 10683.
9
Calculate the highest common divisor of 126 and 9648.
18
Calculate the highest common factor of 2370 and 80.
10
Calculate the greatest common factor of 17 and 171581.
17
Calculate the greatest common divisor of 266912 and 646.
38
Calculate the highest common divisor of 255 and 2800461.
51
Calculate the greatest common divisor of 1258 and 51134.
74
Calculate the greatest common factor of 47960 and 1760.
440
What is the highest common divisor of 557 and 1785185?
557
Calculate the highest common divisor of 4128 and 10704.
48
What is the highest common factor of 6919400 and 5?
5
Calculate the greatest common factor of 1491284 and 295.
59
What is the highest common factor of 19260 and 2340?
180
What is the greatest common factor of 152 and 4648?
8
Calculate the highest common factor of 31295 and 220.
55
What is the highest common factor of 4603421 and 159?
53
What is the greatest common divisor of 74377 and 3?
1
Calculate the greatest common divisor of 380 and 251180.
380
Calculate the greatest common factor of 1906924 and 29.
29
Calculate the greatest common factor of 11346 and 682.
62
What is the grea